10?
6
What is the remainder when 894 is divided by 39?
36
Calculate the remainder when 258 is divided by 13.
11
Calculate the remainder when 11359 is divided by 26.
23
Calculate the remainder when 1519 is divided by 228.
151
What is the remainder when 867 is divided by 79?
77
Calculate the remainder when 33 is divided by 13.
7
Calculate the remainder when 23 is divided by 5.
3
What is the remainder when 1649 is divided by 14?
11
Calculate the remainder when 7062 is divided by 4.
2
Calculate the remainder when 5109 is divided by 16.
5
Calculate the remainder when 16199 is divided by 17.
15
Calculate the remainder when 348 is divided by 87.
0
What is the remainder when 1016 is divided by 61?
40
Calculate the remainder when 160 is divided by 74.
12
Calculate the remainder when 67 is divided by 49.
18
Calculate the remainder when 63 is divided by 6.
3
Calculate the remainder when 38 is divided by 13.
12
What is the remainder when 538 is divided by 52?
18
Calculate the remainder when 25939 is divided by 14.
11
What is the remainder when 3938 is divided by 263?
256
Calculate the remainder when 6003 is divided by 28.
11
What is the remainder when 63 is divided by 31?
1
Calculate the remainder when 4700 is divided by 188.
0
Calculate the remainder when 8099 is divided by 225.
224
What is the remainder when 1669 is divided by 67?
61
What is the remainder when 9577 is divided by 309?
307
What is the remainder when 902 is divided by 43?
42
What is the remainder when 213 is divided by 7?
3
What is the remainder when 978 is divided by 51?
9
What is the remainder when 87 is divided by 46?
41
Calculate the remainder when 862 is divided by 6.
4
Calculate the remainder when 18571 is divided by 37.
34
What is the remainder when 442 is divided by 36?
10
Calculate the remainder when 405 is divided by 165.
75
What is the remainder when 100 is divided by 4?
0
What is the remainder when 823 is divided by 33?
31
Calculate the remainder when 162 is divided by 8.
2
Calculate the remainder when 71 is divided by 25.
21
What is the remainder when 71 is divided by 20?
11
What is the remainder when 95 is divided by 65?
30
What is the remainder when 4190 is divided by 127?
126
What is the remainder when 4551 is divided by 18?
15
Calculate the remainder when 782 is divided by 99.
89
Calculate the remainder when 171 is divided by 87.
84
What is the remainder when 748 is divided by 125?
123
Calculate the remainder when 33 is divided by 2.
1
Calculate the remainder when 1027 is divided by 275.
202
Calculate the remainder when 958 is divided by 48.
46
Calculate the remainder when 410 is divided by 98.
18
What is the remainder when 1028 is divided by 290?
158
What is the remainder when 14452 is divided by 104?
100
What is the remainder when 176 is divided by 45?
41
What is the remainder when 2212 is divided by 139?
127
What is the remainder when 1557 is divided by 10?
7
Calculate the remainder when 235 is divided by 35.
25
What is the remainder when 91 is divided by 75?
16
Calculate the remainder when 408 is divided by 38.
28
Calculate the remainder when 3839 is divided by 3825.
14
Calculate the remainder when 325 is divided by 30.
25
What is the remainder when 172 is divided by 58?
56
What is the remainder when 6814 is divided by 12?
10
What is the remainder when 752 is divided by 28?
24
What is the remainder when 864 is divided by 242?
138
What is the remainder when 493 is divided by 164?
1
What is the remainder when 411 is divided by 204?
3
Calculate the remainder when 380 is divided by 77.
72
Calculate the remainder when 304 is divided by 17.
15
What is the remainder when 225 is divided by 76?
73
Calculate the remainder when 7224 is divided by 73.
70
What is the remainder when 125 is divided by 63?
62
Calculate the remainder when 70 is divided by 12.
10
Calculate the remainder when 434 is divided by 23.
20
What is the remainder when 203 is divided by 74?
55
What is the remainder when 211 is divided by 90?
31
What is the remainder when 611 is divided by 15?
11
What is the remainder when 342 is divided by 48?
6
Calculate the remainder when 1699 is divided by 24.
19
Calculate the remainder when 8615 is divided by 278.
275
Calculate the remainder when 2325 is divided by 10.
5
Calculate the remainder when 87 is divided by 15.
12
Calculate the remainder when 25705 is divided by 11.
9
What is the remainder when 617 is divided by 31?
28
Calculate the remainder when 282 is divided by 280.
2
Calculate the remainder when 51 is divided by 26.
25
What is the remainder when 1286 is divided by 143?
142
Calculate the remainder when 1446 is divided by 480.
6
What is the remainder when 493 is divided by 31?
28
Calculate the remainder when 285 is divided by 128.
29
Calculate the remainder when 117 is divided by 37.
6
Calculate the remainder when 71 is divided by 15.
11
What is the remainder when 90 is divided by 3?
0
Calculate the remainder when 1295 is divided by 24.
23
What is the remainder when 1132 is divided by 16?
12
What is the remainder when 89 is divided by 29?
2
What is the remainder when 205 is divided by 44?
29
Calculate the remainder when 181 is divided by 13.
12
What is the remainder when 175 is divided by 161?
14
What is the remainder when 2914 is divided by 127?
120
Calculate the remainder when 183 is divided by 62.
59
Calculate the remainder when 685 is divided by 8.
5
What is the remainder when 3257 is divided by 4?
1
Calculate the remainder when 112 is divided by 30.
22
What is the remainder when 62 is divided by 5?
2
Calculate the remainder when 863 is divided by 97.
87
Calculate the remainder when 138 is divided by 36.
30
Calculate the remainder when 299 is divided by 7.
5
Calculate the remainder when 290 is divided by 5.
0
Calculate the remainder when 1923 is divided by 3.
0
Calculate the remainder when 283 is divided by 22.
19
What is the remainder when 702 is divided by 510?
192
Calculate the remainder when 173 is divided by 41.
9
Calculate the remainder when 427 is divided by 32.
11
Calculate the remainder when 98 is divided by 21.
14
What is the remainder when 3189 is divided by 84?
81
Calculate the remainder when 1029 is divided by 129.
126
Calculate the remainder when 544 is divided by 521.
23
What is the remainder when 5334 is divided by 27?
15
Calculate the remainder when 6750 is divided by 55.
40
Calculate the remainder when 1695 is divided by 53.
52
What is the remainder when 289 is divided by 22?
3
What is the remainder when 531 is divided by 48?
3
Calculate the remainder when 2180 is divided by 157.
139
Calculate the remainder when 248 is divided by 62.
0
Calculate the remainder when 622 is divided by 79.
69
What is the remainder when 2436 is divided by 74?
68
Calculate the remainder when 790 is divided by 330.
130
What is the remainder when 5375 is divided by 21?
20
Calculate the remainder when 110 is divided by 51.
8
What is the remainder when 8 is divided by 7?
1
What is the remainder when 88 is divided by 18?
16
What is the remainder when 357 is divided by 155?
47
What is the remainder when 76 is divided by 40?
36
Calculate the remainder when 1733 is divided by 193.
189
What is the remainder when 104 is divided by 82?
22
What is the remainder when 377 is divided by 20?
17
Calculate the remainder when 1076 is divided by 362.
352
Calculate the remainder when 277 is divided by 50.
27
Calculate the remainder when 263 is divided by 33.
32
What is the remainder when 3760 is divided by 38?
36
What is the remainder when 979 is divided by 5?
4
What is the remainder when 388 is divided by 102?
82
What is the remainder when 111 is divided by 41?
29
What is the remainder when 186 is divided by 8?
2
Calculate the remainder when 884 is divided by 59.
58
Calculate the remainder when 1490 is divided by 44.
38
Calculate the remainder when 18 is divided by 4.
2
Calculate the remainder when 2666 is divided by 23.
21
What is the remainder when 251 is divided by 82?
5
Calculate the remainder when 3567 is divided by 1186.
9
Calculate the remainder when 7091 is divided by 43.
39
Calculate the remainder when 283 is divided by 36.
31
What is the remainder when 277 is divided by 48?
37
What is the remainder when 112 is divided by 38?
36
Calculate the remainder when 53 is divided